, 149
What are the prime factors of 1337?
7, 191
What are the prime factors of 103529?
103529
What are the prime factors of 43461?
3, 11, 439
List the prime factors of 1449.
3, 7, 23
List the prime factors of 3787.
7, 541
What are the prime factors of 2873?
13, 17
List the prime factors of 1267.
7, 181
List the prime factors of 5156.
2, 1289
List the prime factors of 21736.
2, 11, 13, 19
List the prime factors of 47391.
3, 15797
What are the prime factors of 1838?
2, 919
What are the prime factors of 110673?
3, 4099
List the prime factors of 8855.
5, 7, 11, 23
List the prime factors of 108.
2, 3
List the prime factors of 91632.
2, 3, 23, 83
List the prime factors of 230.
2, 5, 23
List the prime factors of 79987.
79987
List the prime factors of 18450.
2, 3, 5, 41
What are the prime factors of 23358?
2, 3, 17, 229
List the prime factors of 37176.
2, 3, 1549
What are the prime factors of 75323?
75323
What are the prime factors of 22406?
2, 17, 659
What are the prime factors of 54177?
3, 18059
What are the prime factors of 614?
2, 307
List the prime factors of 96806.
2, 97, 499
What are the prime factors of 864?
2, 3
What are the prime factors of 3631?
3631
List the prime factors of 5108.
2, 1277
What are the prime factors of 1216?
2, 19
What are the prime factors of 1555?
5, 311
List the prime factors of 259.
7, 37
What are the prime factors of 3024?
2, 3, 7
What are the prime factors of 1861?
1861
List the prime factors of 1957.
19, 103
What are the prime factors of 16588?
2, 11, 13, 29
List the prime factors of 590.
2, 5, 59
List the prime factors of 260.
2, 5, 13
What are the prime factors of 20360?
2, 5, 509
What are the prime factors of 1115?
5, 223
List the prime factors of 958.
2, 479
List the prime factors of 19172.
2, 4793
List the prime factors of 739.
739
What are the prime factors of 41628?
2, 3, 3469
List the prime factors of 1094.
2, 547
List the prime factors of 2972.
2, 743
List the prime factors of 13403.
13, 1031
What are the prime factors of 548?
2, 137
What are the prime factors of 1341?
3, 149
What are the prime factors of 136048?
2, 11, 773
List the prime factors of 19666.
2, 9833
What are the prime factors of 1666?
2, 7, 17
What are the prime factors of 1305?
3, 5, 29
What are the prime factors of 1449?
3, 7, 23
What are the prime factors of 83077?
83077
List the prime factors of 745.
5, 149
List the prime factors of 30975.
3, 5, 7, 59
What are the prime factors of 2667?
3, 7, 127
What are the prime factors of 143?
11, 13
List the prime factors of 874.
2, 19, 23
List the prime factors of 2221.
2221
What are the prime factors of 2282?
2, 7, 163
List the prime factors of 2595.
3, 5, 173
List the prime factors of 105471.
3, 11719
List the prime factors of 14964.
2, 3, 29, 43
List the prime factors of 1061.
1061
What are the prime factors of 2991?
3, 997
List the prime factors of 118221.
3, 157, 251
List the prime factors of 139015.
5, 27803
What are the prime factors of 30520?
2, 5, 7, 109
What are the prime factors of 2585?
5, 11, 47
List the prime factors of 2316.
2, 3, 193
What are the prime factors of 56491?
17, 3323
What are the prime factors of 1004?
2, 251
List the prime factors of 9022.
2, 13, 347
What are the prime factors of 112507?
112507
What are the prime factors of 1171?
1171
What are the prime factors of 7083?
3, 787
What are the prime factors of 107745?
3, 5, 11, 653
What are the prime factors of 101?
101
What are the prime factors of 1924?
2, 13, 37
List the prime factors of 1710.
2, 3, 5, 19
List the prime factors of 1201.
1201
List the prime factors of 85481.
11, 19, 409
What are the prime factors of 3893?
17, 229
What are the prime factors of 33416?
2, 4177
What are the prime factors of 17788?
2, 4447
List the prime factors of 945.
3, 5, 7
List the prime factors of 23257.
13, 1789
List the prime factors of 87776.
2, 13, 211
List the prime factors of 3610.
2, 5, 19
What are the prime factors of 27627?
3, 9209
List the prime factors of 5660.
2, 5, 283
What are the prime factors of 110756?
2, 27689
List the prime factors of 183745.
5, 36749
What are the prime factors of 62030?
2, 5, 6203
List the prime factors of 51409.
101, 509
List the prime factors of 1005.
3, 5, 67
What are the prime factors of 5665?
5, 11, 103
List the prime factors of 61781.
61781
List the prime factors of 28184.
2, 13, 271
What are the prime factors of 5113?
5113
What are the prime factors of 687?
3, 229
List the prime factors of 12454.
2, 13, 479
What are the prime factors of 3441?
3, 31, 37
What are the prime factors of 1528?
2, 191
What are the prime factors of 6275?
5, 251
What are the prime factors of 3294?
2, 3, 61
What are the prime factors of 3229?
3229
What are the prime factors of 135620?
2, 5, 6781
What are the prime factors of 4677?
3, 1559
List the prime factors of 26979.
3, 17, 23
What are the prime factors of 6211?
6211
List the prime factors of 593.
593
What are the prime factors of 1452?
2, 3, 11
What are the prime factors of 5145?
3, 5, 7
List the prime factors of 183.
3, 61
What are the prime factors of 7059?
3, 13, 181
What are the prime factors of 1447?
1447
What are the prime factors of 10753?
10753
List the prime factors of 850.
2, 5, 17
List the prime factors of 3206.
2, 7, 229
What are the prime factors of 1231?
1231
What are the prime factors of 1577?
19, 83
List the prime factors of 152378.
2, 61, 1249
List the prime factors of 1612.
2, 13, 31
List the prime factors of 13196.
2, 3299
List the prime factors of 310.
2, 5, 31
What are the prime factors of 2171?
13, 167
What are the prime factors of 149608?
2, 18701
What are the prime factors of 10723?
10723
What are the prime factors of 1039?
1039
List the prime factors of 881.
881
What are the prime factors of 1109?
1109
What are the prime factors of 1782?
2, 3, 11
What are the prime factors of 45967?
43, 1069
List the prime factors of 10993.
10993
List the prime factors of 4507.
4507
What are the prime factors of 20243?
31, 653
List the prime factors of 65769.
3, 11, 1993
What are the prime factors of 4782?
2, 3, 797
List the prime factors of 1782.
2, 3, 11
What are the prime factors of 4863?
3, 1621
What are the prime factors of 6029?
6029
What are the prime factors of 13410?
2, 3, 5, 149
What are the prime factors of 28744?
2, 3593
What are the prime factors of 3779?
3779
List the prime factors of 11841.
3, 3947
List the prime factors of 1394.
2, 17, 41
List the prime factors of 9383.
11, 853
List the prime factors of 8845.
5, 29, 61
List the prime factors of 5820.
2, 3, 5, 97
What are the prime factors of 2883?
3, 31
What are the prime factors of 8940?
2, 3, 5, 149
What are the prime factors of 62751?
3, 13, 1609
List the prime factors of 9371.
9371
List the prime factors of 96214.
2, 73, 659
What are the prime factors of 9018?
2, 3, 167
List the prime factors of 587.
587
What are the prime factors of 173?
173
What are the prime factors of 34247?
23, 1489
List the prime factors of 30419.
19, 1601
What are the prime factors of 4271?
4271
List the prime factors of 2530.
2, 5, 11, 23
What are the prime factors of 14938?
2, 7, 11, 97
What are the prime factors of 239?
239
List the prime factors of 8329.
8329
List the prime factors of 1633.
23, 71
What are the prime factors of 7362?
2, 3, 409
What are the prime factors of 2398?
2, 11, 109
What are the prime factors of 4145?
5, 829
List the prime factors of 96184.
2, 11, 1093
List the prime factors of 1537.
29, 53
What are the prime factors of 964?
2, 241
List the prime factors of 88427.
88427
What are the prime factors of 63908?
2, 13, 1229
What are the prime factors of 2835?
3, 5, 7
What are the prime factors of 5295?
3, 5, 353
What are the prime factors of 333?
3, 37
List the prime factors of 4961.
11, 41
What are the prime factors of 3032?
2, 379
What are the prime factors of 372?
2, 3, 31
What are the prime factors of 7546?
2, 7, 11
What are the prime factors of 2728?
2, 11, 31
List the prime factors of 301.
7, 43
List the prime factors of 2484.
2, 3, 23
What are the prime factors of 380?
2, 5, 19
What are the prime factors of 72155?
5, 14431
What are the prime factors of 5402?
2, 37, 73
List the prime factors of 904.
2, 113
List the prime factors of 4259.
4259
List the prime factors of 2072.
2, 7, 37
Wh